{"id":103,"date":"2019-07-10T06:28:58","date_gmt":"2019-07-10T06:28:58","guid":{"rendered":"https:\/\/goncaloestrelado.com\/index.php\/shop-2\/"},"modified":"2023-12-05T13:33:07","modified_gmt":"2023-12-05T13:33:07","slug":"adobepremiere","status":"publish","type":"page","link":"https:\/\/goncaloestrelado.com\/index.php\/adobepremiere\/","title":{"rendered":"Adobe Premiere"},"content":{"rendered":"\t\t<div data-elementor-type=\"wp-page\" data-elementor-id=\"103\" class=\"elementor elementor-103\">\n\t\t\t\t\t\t<section class=\"elementor-section elementor-top-section elementor-element elementor-element-1145139 elementor-section-boxed elementor-section-height-default elementor-section-height-default\" data-id=\"1145139\" data-element_type=\"section\" data-e-type=\"section\">\n\t\t\t\t\t\t<div class=\"elementor-container elementor-column-gap-default\">\n\t\t\t\t\t<div class=\"aux-parallax-section elementor-column elementor-col-100 elementor-top-column elementor-element elementor-element-12877d5\" data-id=\"12877d5\" data-element_type=\"column\" data-e-type=\"column\">\n\t\t\t<div class=\"elementor-widget-wrap elementor-element-populated\">\n\t\t\t\t\t\t<div class=\"elementor-element elementor-element-5e06505 elementor-widget elementor-widget-heading\" data-id=\"5e06505\" data-element_type=\"widget\" data-e-type=\"widget\" data-widget_type=\"heading.default\">\n\t\t\t\t<div class=\"elementor-widget-container\">\n\t\t\t\t\t<h2 class=\"elementor-heading-title elementor-size-default\">Curso Adobe Premiere<\/h2>\t\t\t\t<\/div>\n\t\t\t\t<\/div>\n\t\t\t\t\t<\/div>\n\t\t<\/div>\n\t\t\t\t\t<\/div>\n\t\t<\/section>\n\t\t\t\t<section class=\"elementor-section elementor-top-section elementor-element elementor-element-8f0f6db elementor-section-boxed elementor-section-height-default elementor-section-height-default\" data-id=\"8f0f6db\" data-element_type=\"section\" data-e-type=\"section\">\n\t\t\t\t\t\t<div class=\"elementor-container elementor-column-gap-default\">\n\t\t\t\t\t<div class=\"aux-parallax-section elementor-column elementor-col-100 elementor-top-column elementor-element elementor-element-cd99515\" data-id=\"cd99515\" data-element_type=\"column\" data-e-type=\"column\">\n\t\t\t<div class=\"elementor-widget-wrap elementor-element-populated\">\n\t\t\t\t\t\t<div class=\"elementor-element elementor-element-4653067 elementor-widget elementor-widget-image\" data-id=\"4653067\" data-element_type=\"widget\" data-e-type=\"widget\" data-widget_type=\"image.default\">\n\t\t\t\t<div class=\"elementor-widget-container\">\n\t\t\t\t\t\t\t\t\t\t\t\t\t\t\t<img decoding=\"async\" src=\"https:\/\/goncaloestrelado.com\/wp-content\/uploads\/elementor\/thumbs\/jakob-owens-B4f_Kx5jvpg-unsplash-scaled-qczglnl81z9x1fhjjl8factp9dpwgy8cimqgiv3mig.jpg\" title=\"jakob-owens-B4f_Kx5jvpg-unsplash\" alt=\"jakob-owens-B4f_Kx5jvpg-unsplash\" loading=\"lazy\" \/>\t\t\t\t\t\t\t\t\t\t\t\t\t\t\t<\/div>\n\t\t\t\t<\/div>\n\t\t\t\t<div class=\"elementor-element elementor-element-e362c85 elementor-widget elementor-widget-image\" data-id=\"e362c85\" data-element_type=\"widget\" data-e-type=\"widget\" data-widget_type=\"image.default\">\n\t\t\t\t<div class=\"elementor-widget-container\">\n\t\t\t\t\t\t\t\t\t\t\t\t\t\t\t<img decoding=\"async\" width=\"151\" height=\"139\" src=\"https:\/\/goncaloestrelado.com\/wp-content\/uploads\/2023\/09\/logo_pr.png\" class=\"attachment-medium size-medium wp-image-178\" alt=\"\" \/>\t\t\t\t\t\t\t\t\t\t\t\t\t\t\t<\/div>\n\t\t\t\t<\/div>\n\t\t\t\t\t<\/div>\n\t\t<\/div>\n\t\t\t\t\t<\/div>\n\t\t<\/section>\n\t\t\t\t<section class=\"elementor-section elementor-top-section elementor-element elementor-element-e71deea elementor-section-boxed elementor-section-height-default elementor-section-height-default\" data-id=\"e71deea\" data-element_type=\"section\" data-e-type=\"section\">\n\t\t\t\t\t\t<div class=\"elementor-container elementor-column-gap-default\">\n\t\t\t\t\t<div class=\"aux-parallax-section elementor-column elementor-col-100 elementor-top-column elementor-element elementor-element-77fb908\" data-id=\"77fb908\" data-element_type=\"column\" data-e-type=\"column\">\n\t\t\t<div class=\"elementor-widget-wrap elementor-element-populated\">\n\t\t\t\t\t\t<div class=\"elementor-element elementor-element-8fb63a9 elementor-widget elementor-widget-text-editor\" data-id=\"8fb63a9\" data-element_type=\"widget\" data-e-type=\"widget\" data-widget_type=\"text-editor.default\">\n\t\t\t\t<div class=\"elementor-widget-container\">\n\t\t\t\t\t\t\t\t\t<h2><em>O que vais aprender :\u00a0<\/em><\/h2><p>O curso de Edi\u00e7\u00e3o de V\u00eddeo com Adobe Premiere tem a dura\u00e7\u00e3o de 30 horas e \u00e9 desenhado para capacitar os iniciantes, bem como aperfei\u00e7oar as compet\u00eancias dos profissionais na edi\u00e7\u00e3o de v\u00eddeo, usando uma das ferramentas mais conceituadas na ind\u00fastria. Durante o curso, os participantes ter\u00e3o a oportunidade de explorar os recursos essenciais do Adobe Premiere, desde a organiza\u00e7\u00e3o de projetos at\u00e9 a cria\u00e7\u00e3o de produ\u00e7\u00f5es audiovisuais de alta qualidade.<\/p><h4><em>Conte\u00fado do Curso:<\/em><\/h4><ol><li><p><strong>M\u00f3dulo 1: Introdu\u00e7\u00e3o ao Adobe Premiere<\/strong><\/p><ul><li><p><strong>Apresenta\u00e7\u00e3o e Interface do Adobe Premiere<\/strong><\/p><ul><li>Introdu\u00e7\u00e3o ao software e sua aplicabilidade na edi\u00e7\u00e3o de v\u00eddeo.<\/li><li>Navega\u00e7\u00e3o pelo interface: pain\u00e9is, linha do tempo e ferramentas essenciais.<\/li><\/ul><\/li><li><p><strong>Importa\u00e7\u00e3o de Ficheiros e Organiza\u00e7\u00e3o de Projetos<\/strong><\/p><ul><li>Importa\u00e7\u00e3o de v\u00eddeos, imagens e \u00e1udio.<\/li><li>Organiza\u00e7\u00e3o no painel de projetos.<\/li><\/ul><\/li><\/ul><p><strong>M\u00f3dulo 2: Edi\u00e7\u00e3o B\u00e1sica de V\u00eddeo<\/strong><\/p><ul><li><p><strong>Edi\u00e7\u00e3o de Sequ\u00eancias e Corte de Clipes<\/strong><\/p><ul><li>Cria\u00e7\u00e3o de sequ\u00eancias e linha do tempo.<\/li><li>T\u00e9cnicas de corte, divis\u00e3o e montagem de clipes.<\/li><\/ul><\/li><li><p><strong>Transi\u00e7\u00f5es e Efeitos B\u00e1sicos<\/strong><\/p><ul><li>Aplica\u00e7\u00e3o de transi\u00e7\u00f5es para criar fluidez entre os clipes.<\/li><li>Utiliza\u00e7\u00e3o de efeitos simples para aprimorar a qualidade visual.<\/li><\/ul><\/li><\/ul><p><strong>M\u00f3dulo 3: Trabalhar o \u00c1udio\u00a0<\/strong><\/p><ul><li><p><strong>Edi\u00e7\u00e3o de \u00c1udio e Sincroniza\u00e7\u00e3o<\/strong><\/p><ul><li>Ferramentas de edi\u00e7\u00e3o de \u00e1udio no Premiere.<\/li><li>Sincroniza\u00e7\u00e3o de \u00e1udio com a linha do tempo de v\u00eddeo.<\/li><\/ul><\/li><li><p><strong>Adi\u00e7\u00e3o de M\u00fasica e Efeitos Sonoros<\/strong><\/p><ul><li>Importa\u00e7\u00e3o e ajuste de sons<\/li><li>Inclus\u00e3o de efeitos sonoros para aprimorar a experi\u00eancia auditiva.<\/li><\/ul><\/li><\/ul><p><strong>M\u00f3dulo 4: Efeitos Visuais e Corre\u00e7\u00e3o de Cor<\/strong><\/p><ul><li><p><strong>Efeitos Visuais e Corre\u00e7\u00e3o de Cor<\/strong><\/p><ul><li>Adi\u00e7\u00e3o de efeitos visuais para realismo e impacto.<\/li><li>Corre\u00e7\u00e3o de cor e coloriza\u00e7\u00e3o para aprimorar a est\u00e9tica visual.<\/li><\/ul><\/li><li><p><strong>Anima\u00e7\u00f5es e Gr\u00e1ficos B\u00e1sicos<\/strong><\/p><ul><li>Cria\u00e7\u00e3o de anima\u00e7\u00f5es simples e adi\u00e7\u00e3o de gr\u00e1ficos.<\/li><li>Utiliza\u00e7\u00e3o de texto e t\u00edtulos para enriquecer a narrativa.<\/li><\/ul><\/li><\/ul><p><strong>M\u00f3dulo 5: Exporta\u00e7\u00e3o e Finaliza\u00e7\u00e3o<\/strong><\/p><ul><li><p><strong>Configura\u00e7\u00e3o de Exporta\u00e7\u00e3o<\/strong><\/p><ul><li>Escolha de configura\u00e7\u00f5es de exporta\u00e7\u00e3o ideais para diferentes plataformas.<\/li><li>Op\u00e7\u00f5es de compress\u00e3o e formatos de arquivo.<\/li><li>Organizar projectos para backup.<\/li><\/ul><\/li><\/ul><\/li><\/ol><h4>\u00a0<\/h4><h4><em>Requisitos:<\/em><\/h4><p>N\u00e3o \u00e9 necess\u00e1rio ter experi\u00eancia pr\u00e9via em edi\u00e7\u00e3o de v\u00eddeo ou no uso do Adobe Premiere. Este curso \u00e9 adequado para iniciantes e tamb\u00e9m para profissionais que desejam melhorar as suas capacidades.<\/p><h4><em>Certifica\u00e7\u00e3o:<\/em><\/h4><p>Ao conclu\u00edrem o curso com sucesso, os participantes receber\u00e3o um certificado reconhecido que comprova as suas compet\u00eancias em edi\u00e7\u00e3o de v\u00eddeo com o uso do Adobe Premiere.<\/p><h4><em>Investimento:<\/em><\/h4><p>O curso de 30 horas de Edi\u00e7\u00e3o de V\u00eddeo com Adobe Premiere est\u00e1 dispon\u00edvel por <b>300\u20ac.<\/b><\/p><h3 style=\"letter-spacing: normal;\"><em style=\"font-size: 1.6875em;\"><b>Inscri\u00e7\u00e3o:<\/b><\/em><\/h3><h4 style=\"letter-spacing: normal;\"><b>Para te inscreveres, preenche o formul\u00e1rio de inscri\u00e7\u00e3o em baixo.<\/b><\/h4>\t\t\t\t\t\t\t\t<\/div>\n\t\t\t\t<\/div>\n\t\t\t\t\t<\/div>\n\t\t<\/div>\n\t\t\t\t\t<\/div>\n\t\t<\/section>\n\t\t\t\t<section class=\"elementor-section elementor-top-section elementor-element elementor-element-46c49ee elementor-section-boxed elementor-section-height-default elementor-section-height-default\" data-id=\"46c49ee\" data-element_type=\"section\" data-e-type=\"section\">\n\t\t\t\t\t\t<div class=\"elementor-container elementor-column-gap-default\">\n\t\t\t\t\t<div class=\"aux-parallax-section elementor-column elementor-col-100 elementor-top-column elementor-element elementor-element-f630916 aux-appear-watch-animation aux-fade-in-left\" data-id=\"f630916\" data-element_type=\"column\" data-e-type=\"column\" data-settings=\"{&quot;background_background&quot;:&quot;classic&quot;}\">\n\t\t\t<div class=\"elementor-widget-wrap elementor-element-populated\">\n\t\t\t\t\t\t<div class=\"elementor-element elementor-element-bed5005 aux-appear-watch-animation aux-fade-in-up elementor-widget elementor-widget-aux_modern_heading\" data-id=\"bed5005\" data-element_type=\"widget\" data-e-type=\"widget\" data-widget_type=\"aux_modern_heading.default\">\n\t\t\t\t<div class=\"elementor-widget-container\">\n\t\t\t\t\t<section class=\"aux-widget-modern-heading\">\n            <div class=\"aux-widget-inner\"><h5 class=\"aux-modern-heading-primary\">Inscreve-te aqui! \n<\/h5><span class=\"aux-modern-heading-secondary\"><span class=\"aux-head-before\">Vais receber os dados de inscri\u00e7\u00e3o no teu email e basta fazer o pagamento da inscri\u00e7\u00e3o na forma\u00e7\u00e3o.  <\/span><\/span><div class=\"aux-modern-heading-description\"><p>*Os campos assinalados s\u00e3o de preenchimento obrigat\u00f3rio<\/p><\/div><\/div>\n        <\/section>\t\t\t\t<\/div>\n\t\t\t\t<\/div>\n\t\t\t\t<div class=\"elementor-element elementor-element-65dba27 aux-appear-watch-animation aux-fade-in-up elementor-widget elementor-widget-aux_contact_form\" data-id=\"65dba27\" data-element_type=\"widget\" data-e-type=\"widget\" data-widget_type=\"aux_contact_form.default\">\n\t\t\t\t<div class=\"elementor-widget-container\">\n\t\t\t\t\t<section class=\"widget-container aux-widget-contact-form aux-parent-aucd6289ce\">            <div class=\"aux-col-wrapper aux-no-gutter\">\n            <!-- @TODO - The output for element here -->\n\n            \n<div class=\"wpcf7 no-js\" id=\"wpcf7-f452-o1\" lang=\"pt-PT\" dir=\"ltr\" data-wpcf7-id=\"452\">\n<div class=\"screen-reader-response\"><p role=\"status\" aria-live=\"polite\" aria-atomic=\"true\"><\/p> <ul><\/ul><\/div>\n<form action=\"\/index.php\/wp-json\/wp\/v2\/pages\/103#wpcf7-f452-o1\" method=\"post\" class=\"wpcf7-form init\" aria-label=\"Formul\u00e1rio de contacto\" novalidate=\"novalidate\" data-status=\"init\">\n<fieldset class=\"hidden-fields-container\"><input type=\"hidden\" name=\"_wpcf7\" value=\"452\" \/><input type=\"hidden\" name=\"_wpcf7_version\" value=\"6.1.5\" \/><input type=\"hidden\" name=\"_wpcf7_locale\" value=\"pt_PT\" \/><input type=\"hidden\" name=\"_wpcf7_unit_tag\" value=\"wpcf7-f452-o1\" \/><input type=\"hidden\" name=\"_wpcf7_container_post\" value=\"0\" \/><input type=\"hidden\" name=\"_wpcf7_posted_data_hash\" value=\"\" \/>\n<\/fieldset>\n<p><label> Nome<br \/>\n<span class=\"wpcf7-form-control-wrap\" data-name=\"your-name\"><input size=\"40\" maxlength=\"400\" class=\"wpcf7-form-control wpcf7-text wpcf7-validates-as-required\" autocomplete=\"name\" aria-required=\"true\" aria-invalid=\"false\" value=\"\" type=\"text\" name=\"your-name\" \/><\/span> <\/label>\n<\/p>\n<p><label> Email<br \/>\n<span class=\"wpcf7-form-control-wrap\" data-name=\"your-email\"><input size=\"40\" maxlength=\"400\" class=\"wpcf7-form-control wpcf7-email wpcf7-validates-as-required wpcf7-text wpcf7-validates-as-email\" autocomplete=\"email\" aria-required=\"true\" aria-invalid=\"false\" value=\"\" type=\"email\" name=\"your-email\" \/><\/span> <\/label>\n<\/p>\n<p><label> Telefone<br \/>\n<span class=\"wpcf7-form-control-wrap\" data-name=\"tel-188\"><input size=\"40\" maxlength=\"400\" class=\"wpcf7-form-control wpcf7-tel wpcf7-validates-as-required wpcf7-text wpcf7-validates-as-tel\" aria-required=\"true\" aria-invalid=\"false\" value=\"\" type=\"tel\" name=\"tel-188\" \/><\/span><\/label>\n<\/p>\n<p><label> Alguma quest\u00e3o? (opcional)<br \/>\n<span class=\"wpcf7-form-control-wrap\" data-name=\"your-message\"><textarea cols=\"40\" rows=\"10\" maxlength=\"2000\" class=\"wpcf7-form-control wpcf7-textarea\" aria-invalid=\"false\" name=\"your-message\"><\/textarea><\/span> <\/label><br \/>\n<span id=\"wpcf7-69fddb454ea86-wrapper\" class=\"wpcf7-form-control-wrap honeypot-853-wrap\" ><input type=\"hidden\" name=\"honeypot-853-time-start\" value=\"1778244421\"><input type=\"hidden\" name=\"honeypot-853-time-check\" value=\"4\"><label for=\"wpcf7-69fddb454ea86-field\" class=\"hp-message\">Please leave this field empty.<\/label><input id=\"wpcf7-69fddb454ea86-field\"  class=\"wpcf7-form-control wpcf7-text\" type=\"text\" name=\"honeypot-853\" value=\"\" size=\"40\" tabindex=\"-1\" autocomplete=\"new-password\" \/><\/span>\n<\/p>\n<p><input class=\"wpcf7-form-control wpcf7-submit has-spinner\" type=\"submit\" value=\"Submeter\" \/>\n<\/p><div class=\"wpcf7-response-output\" aria-hidden=\"true\"><\/div>\n<\/form>\n<\/div>\n\n\n            <\/div><!-- aux-col-wrapper -->\n    <\/section><!-- widget-container -->\t\t\t\t<\/div>\n\t\t\t\t<\/div>\n\t\t\t\t\t<\/div>\n\t\t<\/div>\n\t\t\t\t\t<\/div>\n\t\t<\/section>\n\t\t\t\t<\/div>\n\t\t","protected":false},"excerpt":{"rendered":"<p>Curso Adobe Premiere O que vais aprender :\u00a0 O curso de Edi\u00e7\u00e3o de V\u00eddeo com Adobe Premiere tem a dura\u00e7\u00e3o de 30 horas e \u00e9 desenhado para capacitar os iniciantes, bem como aperfei\u00e7oar as compet\u00eancias dos profissionais na edi\u00e7\u00e3o de v\u00eddeo, usando uma das ferramentas mais conceituadas na ind\u00fastria. Durante o curso, os participantes ter\u00e3o [&hellip;]<\/p>\n","protected":false},"author":1,"featured_media":0,"parent":0,"menu_order":0,"comment_status":"closed","ping_status":"closed","template":"","meta":{"footnotes":""},"class_list":["post-103","page","type-page","status-publish","hentry"],"_links":{"self":[{"href":"https:\/\/goncaloestrelado.com\/index.php\/wp-json\/wp\/v2\/pages\/103","targetHints":{"allow":["GET"]}}],"collection":[{"href":"https:\/\/goncaloestrelado.com\/index.php\/wp-json\/wp\/v2\/pages"}],"about":[{"href":"https:\/\/goncaloestrelado.com\/index.php\/wp-json\/wp\/v2\/types\/page"}],"author":[{"embeddable":true,"href":"https:\/\/goncaloestrelado.com\/index.php\/wp-json\/wp\/v2\/users\/1"}],"replies":[{"embeddable":true,"href":"https:\/\/goncaloestrelado.com\/index.php\/wp-json\/wp\/v2\/comments?post=103"}],"version-history":[{"count":40,"href":"https:\/\/goncaloestrelado.com\/index.php\/wp-json\/wp\/v2\/pages\/103\/revisions"}],"predecessor-version":[{"id":5810,"href":"https:\/\/goncaloestrelado.com\/index.php\/wp-json\/wp\/v2\/pages\/103\/revisions\/5810"}],"wp:attachment":[{"href":"https:\/\/goncaloestrelado.com\/index.php\/wp-json\/wp\/v2\/media?parent=103"}],"curies":[{"name":"wp","href":"https:\/\/api.w.org\/{rel}","templated":true}]}}